e
Is 25 a factor of 463086?
False
Is 3 a factor of 31065?
True
Is 1208664 a multiple of 9?
True
Is 17 a factor of 24304?
False
Is 19 a factor of 14035?
False
Does 58 divide 27059900?
True
Does 1306 divide 2022196?
False
Is 144640 a multiple of 80?
True
Does 22 divide 6004006?
False
Is 8964 a multiple of 33?
False
Does 202 divide 10706?
True
Is 58 a factor of 179394?
True
Is 4928940 a multiple of 556?
True
Is 89181 a multiple of 4?
False
Is 16 a factor of 10432592?
True
Does 4 divide 3457176?
True
Does 25 divide 3439480?
False
Does 14 divide 1713734?
False
Is 199994 a multiple of 19?
True
Is 460864 a multiple of 107?
False
Does 3 divide 11012?
False
Does 58 divide 24093?
False
Is 59314 a multiple of 631?
True
Does 25 divide 207139?
False
Is 437340 a multiple of 197?
True
Does 10 divide 418270?
True
Is 647 a factor of 1917708?
True
Is 145 a factor of 3702285?
True
Is 106 a factor of 69812?
False
Does 39 divide 581515?
False
Is 57 a factor of 77963?
False
Is 6 a factor of 115884?
True
Is 8 a factor of 119210?
False
Does 13 divide 5405355?
False
Is 208 a factor of 4672720?
True
Is 9120351 a multiple of 23?
True
Is 4788564 a multiple of 132?
True
Does 113 divide 470193?
True
Does 96 divide 747744?
True
Does 4 divide 168904?
True
Is 202368 a multiple of 93?
True
Does 436 divide 37761727?
False
Does 1138 divide 4022830?
True
Is 11882819 a multiple of 13?
True
Is 21259552 a multiple of 232?
True
Is 371962 a multiple of 358?
True
Is 534087 a multiple of 9?
True
Does 18 divide 1015830?
True
Is 13284 a multiple of 18?
True
Is 449840 a multiple of 16?
True
Does 1316 divide 383502?
False
Does 20 divide 1375160?
True
Is 344100 a multiple of 12?
True
Is 236584 a multiple of 105?
False
Is 469758 a multiple of 6?
True
Does 20 divide 162000?
True
Is 103089 a multiple of 7?
True
Is 1173869 a multiple of 36?
False
Is 2456923 a multiple of 46?
False
Does 91 divide 3219671?
True
Does 759 divide 6065928?
True
Is 1763008 a multiple of 208?
True
Does 51 divide 751230?
True
Is 11657792 a multiple of 1715?
False
Does 1109 divide 2118978?
False
Does 613 divide 2535981?
True
Is 42082 a multiple of 53?
True
Does 3 divide 68760?
True
Is 29650 a multiple of 25?
True
Is 32 a factor of 280288?
True
Does 54 divide 325188?
True
Does 145 divide 296686?
False
Is 141965 a multiple of 5?
True
Is 56 a factor of 136298?
False
Does 200 divide 177567?
False
Does 108 divide 751186?
False
Is 70641 a multiple of 319?
False
Is 225 a factor of 3334275?
True
Is 9224375 a multiple of 10?
False
Is 2169283 a multiple of 433?
False
Is 174 a factor of 362616?
True
Is 8 a factor of 70536?
True
Is 14 a factor of 828975?
False
Is 114 a factor of 2653929?
False
Is 62 a factor of 819434?
False
Does 89 divide 127545?
False
Does 246 divide 2671806?
True
Does 426 divide 350172?
True
Is 1195 a factor of 8844195?
True
Is 5 a factor of 110230?
True
Is 74 a factor of 1118219?
False
Is 380 a factor of 3839153?
False
Does 76 divide 166668?
True
Is 1024363 a multiple of 90?
False
Does 79 divide 2389718?
False
Is 46 a factor of 233834?
False
Is 5810864 a multiple of 690?
False
Is 826 a factor of 1733184?
False
Is 170 a factor of 5743435?
False
Does 78 divide 1528956?
True
Is 512107 a multiple of 5?
False
Is 6639262 a multiple of 1088?
False
Is 51 a factor of 1087635?
False
Is 4925061 a multiple of 9?
True
Is 533871 a multiple of 27?
True
Does 12 divide 761976?
True
Does 55 divide 298481?
False
Does 272 divide 3236800?
True
Is 337 a factor of 193829?
False
Does 1178 divide 22401900?
False
Is 57536 a multiple of 68?
False
Is 122668 a multiple of 14?
True
Is 9 a factor of 1755714?
False
Is 2972180 a multiple of 75?
False
Is 659640 a multiple of 3?
True
Is 1625948 a multiple of 73?
False
Does 70 divide 410620?
True
Does 8 divide 2601232?
True
Does 8 divide 3880?
True
Does 278 divide 190967?
False
Is 16652472 a multiple of 27?
False
Is 215 a factor of 366360?
True
Is 25 a factor of 8000?
True
Is 3 a factor of 84345?
True
Is 600935 a multiple of 177?
False
Is 7 a factor of 74753?
True
Is 449 a factor of 2475786?
True
Is 40558 a multiple of 8?
False
Does 35 divide 2212140?
True
Does 17 divide 3211490?
False
Is 195149 a multiple of 19?
True
Does 15 divide 3669637?
False
Is 5 a factor of 14111073?
False
Is 2526225 a multiple of 13?
True
Is 667821 a multiple of 7?
True
Is 12 a factor of 5853948?
True
Is 37430 a multiple of 10?
True
Is 11 a factor of 131469?
False
Does 389 divide 5866898?
True
Is 17 a factor of 481712?
True
Is 77 a factor of 301861?
False
Is 129088 a multiple of 16?
True
Is 58 a factor of 50170?
True
Is 952380 a multiple of 22?
True
Does 55 divide 12223?
False
Does 28 divide 153855?
False
Is 3 a factor of 402303?
True
Is 56645 a multiple of 49?
False
Does 2 divide 71592?
True
Does 28 divide 157386?
False
Is 20242186 a multiple of 211?
False
Is 51 a factor of 3645683?
False
Does 13 divide 1849634?
False
Is 106 a factor of 2618274?
False
Is 2560048 a multiple of 172?
True
Is 344818 a multiple of 20?
False
Does 574 divide 109634?
True
Is 599897 a multiple of 10?
False
Is 10 a factor of 45100?
True
Is 229 a factor of 100899?
False
Is 154333 a multiple of 19?
False
Is 748235 a multiple of 5?
True
Does 24 divide 2160?
True
Does 15 divide 39506?
False
Does 15 divide 4009905?
True
Does 47 divide 888300?
True
Is 29 a factor of 84970?
True
Is 16 a factor of 85331?
False
Does 18 divide 85428?
True
Is 1342318 a multiple of 10?
False
Is 5759 a multiple of 2?
False
Is 1010422 a multiple of 28?
False
Is 91104 a multiple of 13?
True
Does 11 divide 79020?
False
Is 67 a factor of 210514?
True
Is 2 a factor of 65742?
True
Does 702 divide 887176?
False
Is 29134 a multiple of 7?
True
Does 43 divide 484798?
False
Is 326 a factor of 593646?
True
Does 567 divide 3872714?
False
Is 26349882 a multiple of 39?
True
Does 21 divide 372288?
True
Does 4 divide 36069?
False
Does 19 divide 350170?
True
Does 72 divide 244728?
True
Is 468241 a multiple of 5?
False
Is 40 a factor of 2376712?
False
Is 694 a factor of 3477634?
True
Is 6168 a multiple of 24?
True
Is 239131 a multiple of 30?
False
Does 9 divide 142947?
True
Is 2195354 a multiple of 389?
False
Is 84266 a multiple of 9?
False
Does 8 divide 75478?
False
Is 12241705 a multiple of 707?
True
Is 57 a factor of 351975?
True
Is 9 a factor of 136980?
True
Is 333 a factor of 3001856?
False
Is 1716 a factor of 6254820?
True
Is 111 a factor of 67044?
True
Is 20 a factor of 740820?
True
Does 91 divide 306204?
False
Is 21 a factor of 125609?
False
Does 66 divide 12258840?
True
Does 27 divide 20655?
True
Does 242 divide 61952?
True
Is 71992 a multiple of 2?
True
Does 145 divide 1220900?
True
Is 63 a factor of 9213570?
False
Is 492711 a multiple of 43?
False
Is 11582774 a multiple of 29?
True
Does 69 divide 185886?
True
Does 56 divide 1268545?
False
Is 3374624 a multiple of 22?
True
Does 45 divide 13203990?
True
Is 39 a factor of 576179?
False
Does 22 divide 32353486?
True
Does 118 divide 149132?
False
Is 248 a factor of 250232?
True
Is 28 a factor of 363804?
True
Is 1759715 a multiple of 107?
False
Does 73 divide 25039?
True
Is 198715 a multiple of 45?
False
Does 33 divide 90552?
True
Is 18 a factor of 219992?
False
Is 2 a factor of 495605?
False
Does 211 divide 55704?
True
Does 9 divide 245421?
True
Does 108 divide 1753380?
True
Is 10 a factor of 777400?
True
Is 3 a factor of 166492?
False
Is 220 a factor of 23053760?
False
Is 186 a factor of 1622121?
False
Is 132435 a multiple of 135?
True
Is 2769644 a multiple of 4?
True
Does 15 divide 30504630?
True
Does 191 divide 15471?
True
Is 64 a factor of 21184?
True
Does 186 divide 313858?
False
Is 1222273 a multiple of 33?
False
Is 33 a factor of 538397?
False
Is 193 a factor of 748119?
False
Does 5 divide 98765?
True
Does 35 divide 336763?
False
Is 16 a factor of 406678?
False
Does 74 divide 43554?
False
Is 32477 a multiple of 47?
True
Does 41 divide 210822?
True
Does 112 divide 1963333?
False
Does 519 divide 5509231?
False
Does 42 divide 506730?
True
Does 352 divide 363968?
True
Is 150 a factor of 6101988?
False
Does 226 divide 314140?
True
Is 380640 a multiple of 32?
True
Is 11 a factor of 18205?
True
Is 1808510 a multiple of 12?
False
Is 10 a factor of 42624?
False
Does 14 divide 8596882?
True
Is 3 a factor of 60835?
False
Does 40 divide 3397